9). What is the units digit of s(f)?
4
Suppose 0 = 3*m - 2*w - 256 - 498, 0 = 5*m - w - 1245. What is the units digit of m?
8
Suppose 0 = 2*w - 6 - 0. Let i(d) = -9*d + w - 5 + 4 + d**2. What is the units digit of i(9)?
2
Let b(i) = -i**3 + 11*i**2 - 8*i - 3. Suppose 5*y - 50 = 4*y. Suppose -4*s = s - y. What is the units digit of b(s)?
7
Suppose 122 + 80 = 2*m. What is the units digit of m?
1
Suppose 3*r = -19 + 127. Suppose -b - b = -r. What is the tens digit of b?
1
Suppose -w - 8 = 2*a, -5*w - 2*a - 16 = -0*w. Let i(l) = -l**3 - 3*l**2 - l - 1. Let c be i(w). What is the units digit of ((-24)/5)/(c/10)?
6
Let y = 0 + 7. Let m(g) = g**3 - 4*g**2 - 2*g + 3. Let f be m(4). Let p = y + f. What is the units digit of p?
2
What is the tens digit of 63/1 + 4/(1 + 3)?
6
Suppose -i = -24 - 7. What is the tens digit of i?
3
Let d(q) = q**3 - q + 13. Let v be -1*1/2*0. What is the tens digit of d(v)?
1
Let o(g) = g - 8. Let d be o(6). What is the units digit of 1/(d - (-35)/17)?
7
Let p = 5 - 0. Let m be (0 - 1) + 3 + 2. Suppose -p*n + n = -m. What is the units digit of n?
1
Suppose 0 = -2*k + 29 + 51. Suppose -5*t = -k + 10. What is the units digit of t?
6
Let d = -345 - -556. What is the units digit of d?
1
Let x be 3/(-12)*3*-4. Let g = 1 + x. Suppose -3*o - 3 = 0, -5*o + 14 = g*y - 1. What is the units digit of y?
5
Suppose 2*t + 3*x = -t + 6, 2*t + 3*x = 7. Let k = 6 + -9. What is the units digit of 13 + (-3)/(k/t)?
2
Suppose -4*g + 3*h - 1 = 0, -g + 2 = -6*g + 4*h. Let s be (-88)/(-6) + (-3)/(-9). Suppose -g*c = -s + 3. What is the units digit of c?
6
Let y = -64 + 101. What is the tens digit of y?
3
Suppose -5*f - 5*q + 5 = 0, -3*f + 9 = 5*q - 2. Let m(z) = z**2 - 5*z - 2. What is the units digit of m(f)?
2
Let v(b) = b**2 - 9*b - 9. What is the units digit of v(10)?
1
Let r(s) = -s**3 - 3*s + 4. Let h be r(3). What is the tens digit of (-48)/h*26/3?
1
Let z = 41 - 29. What is the units digit of ((-15)/(-6) + -1)*z?
8
Suppose 31 = h - 5*q, -4*h + 3*q = h - 89. Suppose -r + h = 3. What is the units digit of r?
3
Let c = -137 - -186. What is the tens digit of c?
4
Suppose 8*w = 5*q + 3*w + 105, -4*q = 5*w + 66. Suppose 4*h - 18 - 110 = 0. Let n = h + q. What is the tens digit of n?
1
Let y = 12 - 9. Suppose 3*h = 4*h - 4*k - 12, -2*h + y*k + 19 = 0. What is the units digit of h?
8
Suppose -m - 5 = -121. What is the hundreds digit of m?
1
Let a(q) = 2*q**2 + 9*q. Let w be ((-18)/8)/(6/16). Let v be a(w). Suppose -v = -3*u - 2*c + 9, -3*u + 24 = c. What is the units digit of u?
7
Let i be (-2)/(-3)*78/4. Suppose -4 = -5*y + 6. Suppose -b = -y*u - 11, 2*b - i = -0*u + u. What is the units digit of b?
5
Suppose -2*u = 5*b - 121 - 103, -3*u - 3*b + 327 = 0. Suppose 5*t + u = 4*d + 2*t, 4*d - 125 = -3*t. What is the units digit of d?
9
Let d(z) = -3*z**2 - 5*z + 1. Let r be (-3)/(-3) + 4 + 1. Let s(i) = 3*i**2 + 4*i - 1. Let j(b) = r*s(b) + 5*d(b). What is the units digit of j(-1)?
3
Let m = 27 + 317. What is the tens digit of m?
4
Suppose 3*m + 2*l - l = 222, 0 = m - l - 74. What is the units digit of m?
4
Let m(a) = -a**2 - 6*a + 2. Suppose 3*l - t + 18 = 0, -35 = 4*l - 2*t - 9. Let q be m(l). Suppose q*x = 2*x + 40. What is the units digit of x?
8
Suppose -1 = 2*o + 1. What is the units digit of (-1 - 0)/o*9?
9
Let a(u) = 38*u**3 + u**2 - u + 1. Let z be a(1). Suppose -2*m + 20 = d, 0 = 4*m + d - z - 3. What is the units digit of m?
1
Suppose 36 = 4*t + k + 3*k, 2*k = 3*t - 7. Suppose s - t = -0*s. Suppose -v - 40 = -s*v. What is the units digit of v?
0
Let a(j) = j**2 - 2*j - 4. Let x be a(4). Suppose 46 = h + h + 5*b, x*h - 110 = -b. What is the tens digit of h?
2
Suppose o = 3*i - o + 28, 2*i + 32 = 4*o. Let b = i - -10. Suppose -q - 5*g + 23 = -3*q, -b*q - 2*g = -14. What is the units digit of q?
1
Let f = -4 - -31. What is the tens digit of f?
2
Let n be (9/6)/(6/8). Suppose -4*o + 17 = -o - n*k, 21 = 4*o - k. What is the units digit of o?
5
Suppose -1 = 2*u - 11. Let n(f) = 0*f - u*f + f + 6 + f**2. What is the tens digit of n(5)?
1
Let m(t) = -7*t**3 + 4*t**2 - 2*t + 2. Let u(p) = 13*p**3 - 9*p**2 + 5*p - 5. Let d(g) = -7*m(g) - 3*u(g). What is the units digit of d(1)?
9
Let a(f) = f - 1. Let w(i) = -8*i + 10. Let t(n) = -10*a(n) - w(n). Let g be t(-2). Suppose -15 = g*y - 67. What is the units digit of y?
3
Let p(y) = 12*y - 2. Let s be p(6). Suppose 2*w = -5*f + 87, 4*f + 4*w - 2*w - s = 0. What is the tens digit of f?
1
Suppose 2*z - 7*i + 5*i = 104, 2*i + 4 = 0. What is the tens digit of z?
5
Suppose 0 = -z + 6*z - 250. What is the units digit of z?
0
Let o be (20/30)/(2/24). Let n(b) = b**3 - 9*b**2 + 9*b + 6. What is the units digit of n(o)?
4
Suppose -3*u = -2*d + 62, 2*d + 2*u + u - 62 = 0. Suppose 5*i = -f + 3*f + 41, -f = -4*i + d. What is the units digit of i?
7
Let z = -115 + 242. What is the tens digit of z?
2
Suppose -3*c + 4*t + 3 = 0, 6 - 2 = 4*c + 3*t. Let r(f) = 14*f**3. What is the units digit of r(c)?
4
Suppose -2*f + 3 = -f. Suppose f*y = -5*j + 122, 0*j - 118 = -5*j - 2*y. What is the units digit of j?
2
What is the units digit of (-88)/(-20) + ((-16)/10)/4?
4
Let f(x) = 14*x - 3. Let r(s) = -43*s + 8. Let u(b) = -11*f(b) - 4*r(b). What is the units digit of u(1)?
9
Let u(m) = 11*m**2 + 2*m + 10. What is the hundreds digit of u(-3)?
1
Let j(k) = 3*k**3 - k**2. Let b be j(1). Let w be 9 + 2 + (-4)/b. Let p(o) = -o + 15. What is the units digit of p(w)?
6
Suppose -42 = -4*q - 0*d + 2*d, -5*q = -d - 57. What is the tens digit of q?
1
Let u = -49 + 82. Let d = 59 - u. What is the units digit of d?
6
Suppose 3 = p - 2. Let i = p - 3. Suppose i*k = -0*k + 8. What is the units digit of k?
4
Suppose -4*t - j = 21, -9 + 0 = -4*t + 5*j. Let x = t - -7. Let o = 4 - x. What is the units digit of o?
1
Suppose -8*b + 52 = -6*b. What is the units digit of b?
6
Let b = -4 + 4. Suppose -3*r + 1 = -5*n - 34, b = 5*r + 2*n - 48. What is the tens digit of r?
1
Suppose 0 = 2*a - 6 - 2. Let v = a + 3. Suppose 2*d - v = d. What is the units digit of d?
7
Let p(i) be the first derivative of -4 - i**2 + 4 - 1 - 6*i. What is the units digit of p(-6)?
6
Let f be ((-3)/1 - 2) + -2. Let r = 10 + f. What is the units digit of r?
3
Suppose -4*o = -5*o + 3*y + 1, -4*o + 3*y = -4. What is the units digit of 6 + 3 + (0 - o)?
8
Suppose 4*f - 23 + 87 = 0. Let d be (2/4)/((-22)/4 - -5). What is the units digit of -4 + 2 + f/d?
4
Let j = 101 - 42. What is the tens digit of j?
5
Let t be (-23)/7 + (-2)/(-7). Let d be 18/2*t/(-9). Suppose 4 = d*b + b. What is the units digit of b?
1
Suppose -12 = -5*o + 8. Suppose 0 = -5*q - 2*f + 8, 0 = -o*q - 5*f - 6 + 26. Let k = q - -2. What is the units digit of k?
2
Suppose 16 = 5*b + 6, 0 = -p - 5*b. Let v = 17 + p. What is the units digit of v?
7
Suppose -15 = 5*h - 2*h. Let p(c) be the first derivative of -c**3/3 - 2*c**2 + 6*c + 2. What is the units digit of p(h)?
1
Suppose 2*x + 2*x - 3*m - 14 = 0, 0 = 3*x - 4*m - 14. What is the units digit of 4/(-4)*x/(-2)?
1
Let t(q) = -3*q**2 - 8*q + 8. Let u(b) = -7*b**2 - 17*b + 15. Let p(l) = 5*t(l) - 2*u(l). Let i be p(-7). Suppose i*w - 9 = -0. What is the units digit of w?
3
Suppose 2*n = 8, -5*f + 8 = -0*n - 3*n. Suppose b - 24 = -l, f*l - 91 = -5*b + 31. What is the tens digit of b?
2
Let g be 147/12 + (-4)/16. Let v = -6 + g. What is the units digit of v?
6
Suppose -4*t + 6 = -2. Suppose -n - t = n. What is the units digit of (-10)/2*(n - 0)?
5
Let t(z) = 11*z - 2. Let a be 2 - ((2 - 3) + 1). What is the tens digit of t(a)?
2
Suppose -m = 3*m + 8, -m = -j + 4. Suppose 0 = j*x + 2*x - 68. Let b = -2 + x. What is the units digit of b?
5
Let t be (0 + -3)*(-8 + 7). Suppose y + i = 6*y - 195, -t*y + 117 = -2*i. Suppose 5*w = 8*w - y. What is the tens digit of w?
1
Let i(a) = a**3 + 6*a**2 + 5*a + 2. Let d be i(-5). Suppose 0 = -y + d*u + 73, 3*y = -3*u - u + 229. Suppose -n = 4*n - y. What is the units digit of n?
5
Let n be (5 + 6/(-3))*-1. Let f = 6 + n. Let r(c) = c**3 - 2*c**2 - c. What is the units digit of r(f)?
6
Suppose 2*n - 4*n = -22. Suppose -n + 0 = -2*x - 3*c, 7 = 4*x + c. Let k = 0 + x. What is the units digit of k?
1
Suppose 5*k + 5 = 0, -k + 113 = 2*f - 2*k. What is the tens digit of f?
5
Let j = -82 + 177. What is the tens digit of j?
9
Suppose -j - 3*